prime factors of 3301896025.
5, 31, 53, 80387
What are the prime factors of 166436704?
2, 7, 349, 2129
List the prime factors of 1852194.
2, 3, 197, 1567
What are the prime factors of 100256018?
2, 50128009
List the prime factors of 454024445.
5, 7, 1853161
List the prime factors of 1028457157.
7, 13, 11301727
List the prime factors of 28878316.
2, 29, 103, 2417
What are the prime factors of 2638046620?
2, 5, 11, 11991121
List the prime factors of 262753963.
59, 4453457
What are the prime factors of 66156854?
2, 2161, 15307
List the prime factors of 742889836.
2, 13, 67, 213229
What are the prime factors of 480201368?
2, 443, 135497
List the prime factors of 82606442.
2, 29, 557, 2557
What are the prime factors of 338391754?
2, 127, 1332251
What are the prime factors of 42779865?
3, 5, 2851991
What are the prime factors of 183288045?
3, 5, 53, 230551
List the prime factors of 6283587962.
2, 38767, 81043
List the prime factors of 87745555.
5, 17549111
What are the prime factors of 767687782?
2, 31, 12382061
What are the prime factors of 45854218?
2, 4507, 5087
List the prime factors of 24089923.
11, 13, 29, 37, 157
What are the prime factors of 2360708354?
2, 59, 20006003
What are the prime factors of 256823064?
2, 3, 547, 6521
List the prime factors of 134576795.
5, 23, 1170233
What are the prime factors of 35713607?
43, 830549
List the prime factors of 1303298743.
1303298743
List the prime factors of 400303477.
7, 23, 1063, 2339
What are the prime factors of 3437332510?
2, 5, 17, 4079, 4957
List the prime factors of 7062371102.
2, 29, 121765019
List the prime factors of 43709948.
2, 53, 206179
List the prime factors of 109796341.
331, 331711
List the prime factors of 179183519.
17, 10540207
List the prime factors of 1269994630.
2, 5, 227, 559469
List the prime factors of 825412308.
2, 3, 7, 47, 209071
List the prime factors of 100714947.
3, 59, 569011
List the prime factors of 2119163434.
2, 659, 1607863
What are the prime factors of 1459319088?
2, 3, 23, 1321847
What are the prime factors of 26880652?
2, 23, 292181
List the prime factors of 4998279096.
2, 3, 2791, 8291
What are the prime factors of 255697220?
2, 5, 569, 22469
What are the prime factors of 286152535?
5, 57230507
What are the prime factors of 9881442?
2, 3, 37, 401
List the prime factors of 1953752063.
6473, 301831
List the prime factors of 3122551598.
2, 6659, 234461
What are the prime factors of 678311031?
3, 31, 7293667
List the prime factors of 1169676221.
7, 31, 113, 47701
What are the prime factors of 46395456?
2, 3, 241643
What are the prime factors of 35349666?
2, 3, 11, 23, 29, 73
List the prime factors of 145881201.
3, 48627067
What are the prime factors of 27737924?
2, 43, 161267
What are the prime factors of 35509510?
2, 5, 1657, 2143
What are the prime factors of 23414499?
3, 53, 191, 257
What are the prime factors of 148033689?
3, 821, 60103
What are the prime factors of 416304112?
2, 7, 787, 4723
What are the prime factors of 1656936?
2, 3, 2557
List the prime factors of 167295562.
2, 7, 59, 337, 601
What are the prime factors of 98555522?
2, 13, 47, 80651
List the prime factors of 2581383901.
2581383901
List the prime factors of 82942396.
2, 2293, 9043
What are the prime factors of 223998524?
2, 19, 43, 68543
List the prime factors of 3519791962.
2, 17, 1237, 83689
List the prime factors of 213119239.
5987, 35597
List the prime factors of 332863675.
5, 1543, 8629
List the prime factors of 420411333.
3, 349, 401539
List the prime factors of 1336852639.
397, 3367387
What are the prime factors of 31689415?
5, 97, 223, 293
What are the prime factors of 52143723?
3, 1187, 1627
List the prime factors of 1362845229.
3, 47, 311, 31079
List the prime factors of 1063579723.
1063579723
List the prime factors of 320716539.
3, 11, 13, 29, 661
What are the prime factors of 219498804?
2, 3, 7, 871027
List the prime factors of 2138106420.
2, 3, 5, 37, 321037
List the prime factors of 10791963.
3, 7, 13, 13177
What are the prime factors of 1670048190?
2, 3, 5, 43, 439, 983
List the prime factors of 361913457.
3, 79, 1527061
List the prime factors of 4798822051.
23, 3023, 69019
What are the prime factors of 406145510?
2, 5, 40614551
What are the prime factors of 2597214883?
45413, 57191
What are the prime factors of 148895788?
2, 1249, 29803
What are the prime factors of 79290683?
23, 1283, 2687
What are the prime factors of 2567467910?
2, 5, 7, 19, 1930427
List the prime factors of 926479397.
926479397
What are the prime factors of 24202992?
2, 3, 11, 23, 1993
List the prime factors of 1296078339.
3, 1543, 279991
List the prime factors of 1071994852.
2, 2503, 107071
What are the prime factors of 217969747?
217969747
List the prime factors of 2339202363.
3, 17, 83, 552611
List the prime factors of 871812555.
3, 5, 4091, 14207
What are the prime factors of 5984265?
3, 5, 7, 56993
List the prime factors of 4720369109.
4720369109
List the prime factors of 10863124.
2, 61, 211
What are the prime factors of 1304953283?
1087, 1200509
List the prime factors of 189011292.
2, 3, 79, 199379
List the prime factors of 59413282.
2, 29706641
List the prime factors of 213470836.
2, 17, 31, 101267
List the prime factors of 132189600.
2, 3, 5, 55079
List the prime factors of 2610306618.
2, 3, 435051103
List the prime factors of 39197067.
3, 7, 13, 29, 4951
What are the prime factors of 51281082?
2, 3, 2848949
What are the prime factors of 22796881?
17, 127, 10559
What are the prime factors of 139235073?
3, 83, 559177
List the prime factors of 90197213.
90197213
What are the prime factors of 22940704?
2, 716897
List the prime factors of 1709713885.
5, 11, 17, 107563
What are the prime factors of 473207071?
473207071
What are the prime factors of 321616062?
2, 3, 37, 160969
List the prime factors of 33605196.
2, 3, 139, 20147
List the prime factors of 1434230773.
139, 10318207
List the prime factors of 1239182511.
3, 7, 89, 1933
What are the prime factors of 446947224?
2, 3, 23, 569, 1423
List the prime factors of 848956570.
2, 5, 7, 11, 113, 887
List the prime factors of 76504738.
2, 38252369
What are the prime factors of 45418737?
3, 7, 13, 23767
What are the prime factors of 80968553?
80968553
What are the prime factors of 292302239?
23, 12708793
List the prime factors of 228103446.
2, 3, 37, 1027493
What are the prime factors of 25310388?
2, 3, 29, 257, 283
What are the prime factors of 33718876?
2, 131, 229, 281
What are the prime factors of 33070726?
2, 13, 499, 2549
What are the prime factors of 1062361503?
3, 7, 2408983
List the prime factors of 73680113.
13, 43, 10139
What are the prime factors of 376728266?
2, 293, 642881
List the prime factors of 293994431.
29, 10137739
List the prime factors of 2071815160.
2, 5, 17, 23, 132469
List the prime factors of 102910731.
3, 7, 11, 31, 2053
List the prime factors of 501392536.
2, 89, 773, 911
What are the prime factors of 128655185?
5, 2287, 11251
List the prime factors of 334922675.
5, 167, 80221
What are the prime factors of 503977147?
19, 151, 175663
What are the prime factors of 325326715?
5, 7, 47, 197767
What are the prime factors of 88871905?
5, 181, 283, 347
List the prime factors of 3864686176.
2, 13, 31, 299681
List the prime factors of 2793389243.
29, 96323767
What are the prime factors of 1949010594?
2, 3, 17, 37, 516431
List the prime factors of 1043843254.
2, 521921627
List the prime factors of 4380618862.
2, 2190309431
What are the prime factors of 72672939?
3, 23, 351077
List the prime factors of 14947936.
2, 467123
List the prime factors of 2831714150.
2, 5, 56634283
List the prime factors of 568779343.
11, 283, 182711
What are the prime factors of 2638468035?
3, 5, 7, 8376089
What are the prime factors of 2002246483?
47, 1009, 42221
What are the prime factors of 17683103?
787, 22469
What are the prime factors of 936151766?
2, 11, 743, 57271
What are the prime factors of 224612449?
17, 1187, 11131
List the prime factors of 670185889.
670185889
What are the prime factors of 443968113?
3, 147989371
What are the prime factors of 198293260?
2, 5, 11, 901333
List the prime factors of 232494501.
3, 77498167
List the prime factors of 343491210.
2, 3, 5, 79, 48311
What are the prime factors of 96327351?
3, 103, 103913
What are the